{"id":27,"date":"2017-08-29T19:33:32","date_gmt":"2017-08-29T19:33:32","guid":{"rendered":"https:\/\/psychotherapie-macheiner.at\/?page_id=27"},"modified":"2020-06-21T21:54:25","modified_gmt":"2020-06-21T19:54:25","slug":"schwerpunkte","status":"publish","type":"page","link":"http:\/\/psychotherapie-macheiner.at\/index.php\/schwerpunkte\/","title":{"rendered":"Schwerpunkte"},"content":{"rendered":"<p>In \u00d6sterreich sind derzeit 23 psychotherapeutische Methoden vom Bundesministerium f\u00fcr Gesundheit anerkannt.<br><span style=\"color: #0000ff;\"><a style=\"color: #0000ff;\" href=\"http:\/\/psychotherapie-macheiner.at\/wp-content\/uploads\/2020\/06\/Patienteninformation_BMGSPK_Stand_29.04.20202.pdf\"><em>Patientinnen\/Patienten-Information \u00fcber die in \u00d6sterreich anerkannten psychotherapeutischen Verfahren<\/em><\/a><\/span><\/p>\n<p>Ich arbeite mit den Methoden der Systemischen Familientherapie, welche sich f\u00fcr Kinder und Jugendliche, sowie f\u00fcr Erwachsene im Einzel- als auch Mehrpersonensetting eignen.<\/p>\n<p>Die systemische Familientherapie betrachtet den Klienten und seine Anliegen nicht isoliert, sondern vielmehr im Gesamtkontext. Dies beinhaltet auch u.a. das berufliche und soziale Umfeld und dessen Einfluss auf verschiedene Aspekte im Leben des Klienten.<\/p>\n<p><span style=\"font-size: 14pt;\"><strong>Therapeutische Schwerpunkte<\/strong><\/span><\/p>\n<ul>\n<li>Chronischer Schmerz, Psychosomatik<\/li>\n<li>K\u00f6rperwahrnehmung und Stressmanagement<\/li>\n<li>Burn-out<\/li>\n<li>Gerontopsychotherapie: Psychotherapie f\u00fcr \u00e4ltere Menschen und deren Angeh\u00f6rigen<\/li>\n<li>Affektive bipolare Erkrankungen<\/li>\n<li>Angstzust\u00e4nde<\/li>\n<li>Depression<\/li>\n<li>Zw\u00e4nge<\/li>\n<li>Bew\u00e4ltigung von Lebenskrisen<\/li>\n<li>Aufstellungsarbeit<\/li>\n<li>Selbsterfahrung, Coaching, Einzel- und Gruppensupervision<\/li>\n<li>Familientherapie, Elterncoaching<\/li>\n<li>Kinder- und Jundendlichenpsychotherapie<\/li>\n<li>SAFE\u00ae Mentorin: F\u00fcr Elternkurse zur F\u00f6rderung einer sicheren Bindung zwischen Eltern und Kind.<br><span style=\"color: #0000ff;\"><a style=\"color: #0000ff;\" href=\"https:\/\/www.safe-programm.de\/\"><span style=\"font-size: small;\">https:\/\/www.safe-programm.de\/<\/span><\/a><\/span><\/li>\n<\/ul>\n\n","protected":false},"excerpt":{"rendered":"<p>In \u00d6sterreich sind derzeit 23 psychotherapeutische Methoden vom Bundesministerium f\u00fcr Gesundheit anerkannt.Patientinnen\/Patienten-Information \u00fcber die in \u00d6sterreich anerkannten psychotherapeutischen Verfahren Ich arbeite mit den Methoden der Systemischen Familientherapie, welche sich f\u00fcr Kinder und Jugendliche, sowie f\u00fcr Erwachsene im Einzel- als auch Mehrpersonensetting eignen. Die systemische Familientherapie betrachtet den Klienten und seine Anliegen nicht isoliert, sondern vielmehr &#8230;<br \/><a class=\"read-more-link btn btn-outline-secondary\" href=\"http:\/\/psychotherapie-macheiner.at\/index.php\/schwerpunkte\/\">Weiter lesen<\/a><\/p>\n","protected":false},"author":1,"featured_media":0,"parent":0,"menu_order":7,"comment_status":"closed","ping_status":"closed","template":"","meta":{"footnotes":""},"class_list":["post-27","page","type-page","status-publish","hentry"],"_links":{"self":[{"href":"http:\/\/psychotherapie-macheiner.at\/index.php\/wp-json\/wp\/v2\/pages\/27","targetHints":{"allow":["GET"]}}],"collection":[{"href":"http:\/\/psychotherapie-macheiner.at\/index.php\/wp-json\/wp\/v2\/pages"}],"about":[{"href":"http:\/\/psychotherapie-macheiner.at\/index.php\/wp-json\/wp\/v2\/types\/page"}],"author":[{"embeddable":true,"href":"http:\/\/psychotherapie-macheiner.at\/index.php\/wp-json\/wp\/v2\/users\/1"}],"replies":[{"embeddable":true,"href":"http:\/\/psychotherapie-macheiner.at\/index.php\/wp-json\/wp\/v2\/comments?post=27"}],"version-history":[{"count":6,"href":"http:\/\/psychotherapie-macheiner.at\/index.php\/wp-json\/wp\/v2\/pages\/27\/revisions"}],"predecessor-version":[{"id":126,"href":"http:\/\/psychotherapie-macheiner.at\/index.php\/wp-json\/wp\/v2\/pages\/27\/revisions\/126"}],"wp:attachment":[{"href":"http:\/\/psychotherapie-macheiner.at\/index.php\/wp-json\/wp\/v2\/media?parent=27"}],"curies":[{"name":"wp","href":"https:\/\/api.w.org\/{rel}","templated":true}]}}